is divided by 8?
2
Calculate the remainder when 838856 is divided by 59.
53
Calculate the remainder when 4918 is divided by 41.
39
Calculate the remainder when 980696 is divided by 934.
930
What is the remainder when 5747 is divided by 1423?
55
Calculate the remainder when 10857 is divided by 18.
3
Calculate the remainder when 13019 is divided by 11.
6
Calculate the remainder when 13600 is divided by 11.
4
Calculate the remainder when 2521751 is divided by 13.
11
What is the remainder when 201091 is divided by 1026?
1021
Calculate the remainder when 10722591 is divided by 1018.
1015
Calculate the remainder when 3924 is divided by 16.
4
What is the remainder when 315925 is divided by 353?
343
Calculate the remainder when 13934 is divided by 3415.
274
Calculate the remainder when 265047 is divided by 45.
42
Calculate the remainder when 55221 is divided by 11040.
21
What is the remainder when 3268 is divided by 432?
244
Calculate the remainder when 2243 is divided by 1109.
25
Calculate the remainder when 54661 is divided by 151.
150
Calculate the remainder when 3136 is divided by 625.
11
What is the remainder when 229459 is divided by 20?
19
What is the remainder when 165441 is divided by 1414?
3
Calculate the remainder when 4561 is divided by 143.
128
Calculate the remainder when 27525 is divided by 187.
36
What is the remainder when 9890 is divided by 3267?
89
Calculate the remainder when 198702 is divided by 99342.
18
Calculate the remainder when 1363 is divided by 170.
3
What is the remainder when 7130 is divided by 1765?
70
What is the remainder when 21798 is divided by 88?
62
Calculate the remainder when 1724 is divided by 15.
14
What is the remainder when 20281 is divided by 156?
1
What is the remainder when 132504 is divided by 19?
17
Calculate the remainder when 3093 is divided by 77.
13
Calculate the remainder when 25914 is divided by 950.
264
What is the remainder when 340126 is divided by 16?
14
What is the remainder when 11082 is divided by 129?
117
Calculate the remainder when 4623 is divided by 2284.
55
What is the remainder when 905 is divided by 35?
30
Calculate the remainder when 64934 is divided by 16233.
2
What is the remainder when 83830 is divided by 254?
10
What is the remainder when 45354 is divided by 7557?
12
What is the remainder when 40843 is divided by 122?
95
Calculate the remainder when 97924 is divided by 39.
34
Calculate the remainder when 32677 is divided by 766.
505
What is the remainder when 4221 is divided by 3558?
663
Calculate the remainder when 79855 is divided by 238.
125
What is the remainder when 5103 is divided by 1010?
53
What is the remainder when 38928 is divided by 12975?
3
Calculate the remainder when 590626 is divided by 147655.
6
What is the remainder when 4473 is divided by 164?
45
Calculate the remainder when 647619 is divided by 201.
198
Calculate the remainder when 1313025 is divided by 286.
285
Calculate the remainder when 119518 is divided by 96.
94
Calculate the remainder when 20805 is divided by 40.
5
What is the remainder when 1472924 is divided by 201?
197
What is the remainder when 23907 is divided by 278?
277
Calculate the remainder when 9350 is divided by 2257.
322
What is the remainder when 48495 is divided by 38?
7
What is the remainder when 14243 is divided by 1095?
8
Calculate the remainder when 12223 is divided by 40.
23
Calculate the remainder when 45008 is divided by 2998.
38
What is the remainder when 149805 is divided by 16?
13
What is the remainder when 115912 is divided by 678?
652
Calculate the remainder when 43669 is divided by 43665.
4
Calculate the remainder when 13846 is divided by 266.
14
Calculate the remainder when 609464 is divided by 42.
2
Calculate the remainder when 128877 is divided by 124.
41
What is the remainder when 3515 is divided by 1339?
837
Calculate the remainder when 13490 is divided by 265.
240
Calculate the remainder when 374 is divided by 101.
71
What is the remainder when 35174 is divided by 1213?
1210
Calculate the remainder when 591054 is divided by 4444.
2
What is the remainder when 1684601 is divided by 226?
223
Calculate the remainder when 747 is divided by 531.
216
What is the remainder when 14631 is divided by 783?
537
What is the remainder when 23847 is divided by 5952?
39
What is the remainder when 95771 is divided by 630?
11
What is the remainder when 2435 is divided by 5?
0
Calculate the remainder when 941824 is divided by 101.
100
What is the remainder when 6323 is divided by 17?
16
Calculate the remainder when 290891 is divided by 473.
469
What is the remainder when 521608 is divided by 173865?
13
What is the remainder when 8256 is divided by 8201?
55
What is the remainder when 4266 is divided by 222?
48
What is the remainder when 123792 is divided by 598?
6
What is the remainder when 45631 is divided by 187?
3
Calculate the remainder when 5117 is divided by 85.
17
What is the remainder when 36271 is divided by 17?
10
What is the remainder when 6002 is divided by 1376?
498
What is the remainder when 167599 is divided by 20?
19
What is the remainder when 3848 is divided by 1149?
401
Calculate the remainder when 8901 is divided by 1092.
165
Calculate the remainder when 9808 is divided by 980.
8
Calculate the remainder when 407101 is divided by 32.
29
What is the remainder when 2532 is divided by 25?
7
What is the remainder when 18762 is divided by 80?
42
What is the remainder when 10689 is divided by 37?
33
What is the remainder when 304573 is divided by 90?
13
What is the remainder when 367 is divided by 69?
22
What is the remainder when 18615 is divided by 75?
15
What is the remainder when 514 is divided by 25?
14
What is the remainder when 12051 is divided by 183?
156
Calculate the remainder when 1454001 is divided by 21.
3
Calculate the remainder when 95079 is divided by 119.
117
What is the remainder when 1980 is divided by 16?
12
What is the remainder when 72112 is divided by 36051?
10
Calculate the remainder when 1992 is divided by 407.
364
What is the remainder when 27354 is divided by 7?
5
What is the remainder when 8417 is divided by 586?
213
What is the remainder when 43159 is divided by 7?
4
Calculate the remainder when 39852 is divided by 146.
140
What is the remainder when 568 is divided by 128?
56
Calculate the remainder when 14669 is divided by 91.
18
What is the remainder when 34116 is divided by 13?
4
Calculate the remainder when 527997 is divided by 1000.
997
Calculate the remainder when 5699 is divided by 211.
2
Calculate the remainder when 8699 is divided by 1240.
19
What is the remainder when 3852 is divided by 588?
324
Calculate the remainder when 3149 is divided by 79.
68
Calculate the remainder when 95542 is divided by 2123.
7
Calculate the remainder when 79881 is divided by 36.
33
What is the remainder when 11782 is divided by 49?
22
Calculate the remainder when 1836 is divided by 1060.
776
Calculate the remainder when 44262 is divided by 74.
10
Calculate the remainder when 115494 is divided by 86.
82
Calculate the remainder when 33270 is divided by 49.
48
Calculate the remainder when 884729 is divided by 33.
32
Calculate the remainder when 7542 is divided by 3747.
48
What is the remainder when 12697 is divided by 4?
1
Calculate the remainder when 46884 is divided by 1798.
136
Calculate the remainder when 424063 is divided by 114.
97
Calculate the remainder when 26244 is divided by 16.
4
Calculate the remainder when 8957 is divided by 375.
332
What is the remainder when 300225 is divided by 10?
5
What is the remainder when 136690 is divided by 65?
60
Calculate the remainder when 14297 is divided by 27.
14
What is the remainder when 254709 is divided by 25?
9
What is the remainder when 23090 is divided by 49?
11
What is the remainder when 68830 is divided by 154?
146
Calculate the remainder when 50190 is divided by 299.
257
What is the remainder when 17741 is divided by 3038?
2551
Calculate the remainder when 2576 is divided by 1260.
56
What is the remainder when 642 is divided by 51?
30
What is the remainder when 10097 is divided by 3011?
1064
What is the remainder when 53718 is divided by 141?
138
What is the remainder when 36628 is divided by 60?
28
Calculate the remainder when 4849 is divided by 4847.
